e greatest common factor of 43 and m?
43
Let q be (28/(-7) - 0/(-1)) + 9. Let u be q - (4 - -1) - -141. Calculate the highest common factor of u and 94.
47
Suppose -3*u + 22 + 246 = -4*x, -3*u = x + 82. Let o(g) = -4*g**2 + 2*g - 5. Let v be o(4). Let f = v - x. Calculate the highest common divisor of f and 90.
9
Let v = -1 + 3. Let i be (2 - 0)*9/v. Suppose r - 88 = -5*n, 39*r - 48 = 38*r + 3*n. What is the greatest common divisor of i and r?
9
Suppose 2*n - n = 3*j + 8, 2*n = -2*j. Let c be (0 - 8)*(-6)/(168/301). Calculate the highest common divisor of n and c.
2
Let z = -196 - -212. Let r = z + 72. Calculate the greatest common divisor of r and 66.
22
Suppose 5*p = 4*q - 9, 5*q + 5*p = 3*q - 33. Let l be (30 - 1) + (-4 - q) + 2. What is the greatest common factor of l and 279?
31
Suppose -4*d + x + 204 = 0, -5*d + 19*x - 20*x = -246. Suppose -3*j + 315 = 3*a, -4*a = 5*j - 411 - 14. Calculate the highest common divisor of d and a.
50
Let u(m) = m**2 - 15*m + 4. Let o be u(15). Suppose -x + 306 = -5*y, y + o*y = 4*x - 294. Let v = y - -88. What is the highest common factor of 26 and v?
26
Let k be 5 - 1 - ((-7)/(28/496))/1. What is the greatest common factor of 48 and k?
16
Let s(k) = 255*k**2 + 14. Let o(n) = -127*n**2 - 8. Let g(m) = 5*o(m) + 3*s(m). Let w be g(-2). What is the highest common divisor of w and 58?
58
Let t = 4 + -23. Let k = t - -29. Let c be (-6)/5*1200/(-72). What is the greatest common factor of c and k?
10
Let u be 28/5 + 2/5. Suppose 3*k = -4*w + 151 - 65, 111 = 5*w + 2*k. Suppose t + 10 = 2*h - 1, -4*h + w = -t. Calculate the highest common factor of u and h.
6
Let h be (-7248)/(-112) - 3/((-21)/2). Let s = -61 + h. Calculate the highest common factor of 32 and s.
4
Suppose 6*i - 3*i = 2*o - 180, 4*o + 5*i = 382. What is the highest common divisor of o and 34875?
93
Suppose -h + 515 = 5*a, 5*h - 2889 = -4*a - 272. What is the highest common factor of h and 50?
25
Suppose -4*a + m + 16 = 0, 0 = -3*a + 3*m + 12. Let x(p) = 9*p**3 - 8*p + 9. Let r be x(a). Calculate the greatest common divisor of r and 7.
7
Let t be ((-85)/60*-6 - 3)*4. What is the highest common factor of 16 and t?
2
Let r(v) = 44*v**2 - 7*v - 26*v**2 - 38 - 14*v**2. Let c be r(-7). Suppose 45*l = 42*l + 69. What is the highest common divisor of c and l?
23
Let a = -5353 - -5458. Calculate the highest common factor of 7035 and a.
105
Let w be ((-2352)/77)/(53/(-1166)). What is the highest common divisor of 1776 and w?
48
Suppose i + 213 = -4*r + 578, -2*r = -12. What is the greatest common divisor of 22 and i?
11
Suppose 3*w = -4*x - 1329 - 487, -x = -2*w + 465. Let f = x + 468. What is the highest common divisor of 341 and f?
11
Suppose -2*g = 3*d + 137, -3*d + 0 - 3 = 0. Let u = 83 + g. Suppose m - u = -3*m. What is the highest common factor of m and 12?
4
Suppose 148 = 38*m + 34. Suppose -5*y + 30 = 2*h, -17 = -h - 2*y - y. Calculate the greatest common factor of m and h.
1
Let j(q) = -96*q + 10733. Let c be j(111). Suppose -450 = -3*r - 4*g, 2*r - 128 = g + 183. Calculate the highest common divisor of r and c.
77
Suppose t - 602 = -13*t. Let i = t - 53. Let r be -32*(35/i + 2/8). Calculate the greatest common divisor of 8 and r.
8
Let a(v) = -v**3 - 37*v**2 + 103*v + 1011. Let u be a(-39). What is the highest common divisor of 2844 and u?
36
Let i be 51*(-9 + 0 + (-64)/(-6)). Calculate the greatest common factor of i and 765.
85
Suppose -l = -v - v - 977, 0 = l + 5*v - 963. Let d = l + -505. What is the highest common factor of 52 and d?
52
Let t = -3299 + 4037. Calculate the highest common divisor of 99 and t.
9
Let n(i) = -2*i**3 + 13*i**2 - i - 12. Let h be n(6). Suppose -h*b + 200 = -16*b. Calculate the greatest common divisor of b and 20.
20
Let x be 3 + -53 - 8/4. Let f be 238/18 - 4/18. Let n = f - x. What is the greatest common factor of n and 13?
13
Let k(h) = 9*h - 117. Let p be k(6). Let y = -47 - p. Calculate the greatest common divisor of y and 64.
16
Let o(v) = -6*v + 120. Let l be o(13). Suppose 23*f - 19*f = 56. What is the greatest common factor of l and f?
14
Let x be (-472)/(-14) + (-8484)/4949. What is the highest common factor of 4824 and x?
8
Let c be 1 + 4 - (-11 + -511) - 2/1. What is the highest common factor of 84 and c?
21
Suppose -4*i + 72 = 14*i. Let h be ((-12)/10)/(2/(-5)). Suppose 0 = h*p - 93 + 33. Calculate the greatest common divisor of p and i.
4
Let v be (0 - (-9060)/12)/((-1)/(-4)). Suppose -912 = 31*q - v. What is the highest common divisor of 2 and q?
2
Let f(a) = -3*a**2 - 13*a - 2. Let g be f(-5). Let t = g + -10. Let j = 28 + t. Calculate the highest common divisor of j and 30.
6
Let m be -1 - 9/(-6)*144. Let y be (-60 - -58) + 6 + 1. What is the greatest common divisor of y and m?
5
Let d = 4913 - 2447. What is the highest common factor of 36 and d?
18
Let j be (3/4)/((-55)/(-1320)). Suppose -120*o = -117*o - j. Suppose -4*a - r = -301 - 80, -12 = 4*r. Calculate the highest common factor of o and a.
6
Suppose 11 = 4*p - 1. Suppose -2*c - 24 = -p*m, 3*m - 41 = -2*c - 5. Let j be (-151)/(-3) - (-3 - 30/(-9)). Calculate the greatest common divisor of m and j.
10
Let x(c) = 6*c - 17. Let u be x(8). Let n = 32 - u. Suppose 5*h - 2 + 4 = -3*m, -6 = -4*m + 2*h. What is the highest common factor of m and n?
1
Suppose -2*b + 32 = 2*b. Let p = b + -2. Suppose 99*m - 96*m = 0, -3*w - 5*m = -54. Calculate the greatest common divisor of p and w.
6
Suppose 3*f = -349 + 370. Calculate the highest common factor of f and 259.
7
Suppose -12 = 44*j - 42*j. Let h be 42/(-12)*(j/(-3) - 32). Calculate the highest common divisor of 60 and h.
15
Let u = -1129 - -1145. Calculate the greatest common divisor of u and 432.
16
Let j = -840 + 2505. What is the greatest common divisor of 74 and j?
37
Suppose -86 = -14*o - 30. Suppose 3*l = o*s - 0*s - 43, -5*s + 54 = -4*l. Calculate the greatest common factor of s and 3.
1
Suppose 4*z - 40 = -3*u, -u + 3 = 2*z - 7. Suppose 0 = -85*l + 71*l + 225 + 1175. What is the highest common factor of l and u?
20
Suppose 0 = -5*j + 1226 - 836. Let q(b) = -b**2 + 21*b - 68. Let s be q(14). What is the greatest common divisor of j and s?
6
Suppose v - 34125 = -46*v - 44*v. What is the greatest common divisor of 7000 and v?
125
Let z(o) = -o**3 - 5*o**2 + 5*o - 4. Let a be z(-6). Let w be (21/(-7))/(9/(-27)). What is the highest common factor of a and w?
1
Let f = 443 - 442. Let u(b) = 24*b**3 + 3*b**2 + 14*b - 16. Let l be u(f). What is the greatest common divisor of l and 130?
5
Let p = -6489 + 6899. Calculate the greatest common factor of p and 4.
2
Let v(w) = 18*w - 6*w**2 - 14*w**2 + 14 + 16*w**2 - w**3. Let c be v(-7). What is the greatest common factor of c and 28?
7
Let c(l) = 117*l - 816. Let j be c(25). What is the greatest common factor of 19 and j?
19
Let k = -22 + 21. Let q be k - (-4 + 3 - 0). Let z be (-12)/(-9)*(q - -3). What is the greatest common factor of z and 20?
4
Let p(u) be the third derivative of u**5/60 - u**4/2 + 59*u**3/6 + 41*u**2 + 2*u. Let s be p(-15). Calculate the highest common divisor of s and 16.
16
Let o = 6430 + -5230. What is the highest common divisor of o and 144?
48
Suppose 0 = 33*i - 61965 - 67395. Calculate the highest common divisor of 10 and i.
10
Suppose -89190 + 13710 = -185*k. What is the greatest common factor of k and 24?
24
Let k be (1 + -6)*10/(-25). Suppose 0 = k*s - 3*s. Suppose g - 3*g + 20 = s. Calculate the greatest common factor of g and 4.
2
Let r = -49520 - -26923. Let s be r/(-649) - (-4)/22. Let g = 26 - 12. What is the greatest common factor of g and s?
7
Let r(f) = 6*f + 58. Let m be r(-9). Suppose m*p + 4*o - 28 = 0, 41 = 17*p - 12*p + 2*o. What is the greatest common divisor of 225 and p?
9
Let a be 114*(-14 + (-705)/(-45)). Calculate the greatest common divisor of a and 160.
10
Let c = -10 - -18. Suppose -251 = 7*u - 1091. Suppose -17*s + 20*s - u = 0. What is the greatest common factor of s and c?
8
Let u(d) = -20*d + 17. Let r(m) = 9*m - 7. Let f(j) = 7*r(j) + 3*u(j). Let k be f(2). Suppose -4*q + 50 = 18. Calculate the greatest common factor of k and q.
8
Let u = 138 + -122. Let r(t) = t**3 - 14*t**2 - 11*t - 3. Let z be r(u). What is the greatest common factor of 9 and z?
9
Let v be (-1884)/(-8 - (-180)/27). What is the highe